{"id":52,"date":"2015-08-13T01:23:03","date_gmt":"2015-08-12T23:23:03","guid":{"rendered":"http:\/\/www.wramach.pl\/web\/?page_id=52"},"modified":"2020-01-06T20:39:07","modified_gmt":"2020-01-06T19:39:07","slug":"oprawa","status":"publish","type":"page","link":"http:\/\/www.wramach.pl\/web\/oferta\/oprawa\/","title":{"rendered":"Oprawa"},"content":{"rendered":"<h2>Dob\u00f3r ramy jest spraw\u0105 kluczow\u0105, poniewa\u017c to od niej b\u0119dzie zale\u017ca\u0142o jak obraz b\u0119dzie si\u0119 prezentowa\u0142 w naszym otoczeniu.<\/h2>\n<p>Zawsze staramy si\u0119 przedstawi\u0107 klientowi r\u00f3\u017cne propozycje, kt\u00f3re podkre\u015bl\u0105 walory obrazu ale tak\u017ce wpisz\u0105 si\u0119 w charakter wn\u0119trza.<\/p>\n<h3>Finalnie to klient tworzy w\u0142asne dzie\u0142o, kt\u00f3re my mamy przyjemno\u015b\u0107 dla niego wykona\u0107.<\/h3>\n\n\n<p>Przyk\u0142adowe rodzaje opraw.<\/p>\n\n\n\n<div class=\"wp-block-columns\">\n<div class=\"wp-block-column\">\n<div class=\"wp-block-cover has-background-dim\" style=\"background-image:url(http:\/\/www.wramach.pl\/web\/wp-content\/uploads\/2019\/12\/IMG_5786.jpg)\"><div class=\"wp-block-cover__inner-container\">\n<p class=\"has-text-align-center has-large-font-size\">oprawa standardowa<\/p>\n<\/div><\/div>\n<\/div>\n\n\n\n<div class=\"wp-block-column\">\n<div class=\"wp-block-cover has-background-dim\" style=\"background-image:url(http:\/\/www.wramach.pl\/web\/wp-content\/uploads\/2019\/12\/E58824E3-EECF-4B72-926F-F63FCEFF5065.jpg)\"><div class=\"wp-block-cover__inner-container\">\n<p class=\"has-text-align-center has-large-font-size\">oprawa floating frame<\/p>\n<\/div><\/div>\n<\/div>\n\n\n\n<div class=\"wp-block-column\">\n<div class=\"wp-block-cover has-background-dim\" style=\"background-image:url(http:\/\/www.wramach.pl\/web\/wp-content\/uploads\/2019\/12\/22917C8D-1B76-4B8C-93A8-5B64330CC975.jpg)\"><div class=\"wp-block-cover__inner-container\">\n<p class=\"has-text-align-center has-large-font-size\">Oprawa Shadow Box<\/p>\n<\/div><\/div>\n<\/div>\n<\/div>\n\n\n\n<div class=\"wp-block-columns\">\n<div class=\"wp-block-column\">\n<div class=\"wp-block-cover has-background-dim\" style=\"background-image:url(http:\/\/www.wramach.pl\/web\/wp-content\/uploads\/2019\/12\/IMG_7255.jpg)\"><div class=\"wp-block-cover__inner-container\">\n<p class=\"has-text-align-center has-large-font-size\">klasyczna oprawa z passportue<\/p>\n<\/div><\/div>\n<\/div>\n\n\n\n<div class=\"wp-block-column\">\n<div class=\"wp-block-cover has-background-dim\" style=\"background-image:url(http:\/\/www.wramach.pl\/web\/wp-content\/uploads\/2019\/12\/IMG_6580.jpg)\"><div class=\"wp-block-cover__inner-container\">\n<p class=\"has-text-align-center has-large-font-size\">oprawa  shadowbox + floating<\/p>\n<\/div><\/div>\n<\/div>\n\n\n\n<div class=\"wp-block-column\"><\/div>\n<\/div>\n","protected":false},"excerpt":{"rendered":"<p>Dob\u00f3r ramy jest spraw\u0105 kluczow\u0105, poniewa\u017c to od niej b\u0119dzie zale\u017ca\u0142o jak obraz b\u0119dzie si\u0119 prezentowa\u0142 w naszym otoczeniu. Zawsze staramy si\u0119 przedstawi\u0107 klientowi r\u00f3\u017cne propozycje, kt\u00f3re podkre\u015bl\u0105 walory obrazu ale tak\u017ce wpisz\u0105 si\u0119 w charakter wn\u0119trza. Finalnie to klient tworzy w\u0142asne dzie\u0142o, kt\u00f3re my mamy przyjemno\u015b\u0107 dla niego wykona\u0107. Przyk\u0142adowe rodzaje opraw.<\/p>\n","protected":false},"author":1,"featured_media":0,"parent":38,"menu_order":0,"comment_status":"open","ping_status":"open","template":"","meta":[],"_links":{"self":[{"href":"http:\/\/www.wramach.pl\/web\/wp-json\/wp\/v2\/pages\/52"}],"collection":[{"href":"http:\/\/www.wramach.pl\/web\/wp-json\/wp\/v2\/pages"}],"about":[{"href":"http:\/\/www.wramach.pl\/web\/wp-json\/wp\/v2\/types\/page"}],"author":[{"embeddable":true,"href":"http:\/\/www.wramach.pl\/web\/wp-json\/wp\/v2\/users\/1"}],"replies":[{"embeddable":true,"href":"http:\/\/www.wramach.pl\/web\/wp-json\/wp\/v2\/comments?post=52"}],"version-history":[{"count":7,"href":"http:\/\/www.wramach.pl\/web\/wp-json\/wp\/v2\/pages\/52\/revisions"}],"predecessor-version":[{"id":935,"href":"http:\/\/www.wramach.pl\/web\/wp-json\/wp\/v2\/pages\/52\/revisions\/935"}],"up":[{"embeddable":true,"href":"http:\/\/www.wramach.pl\/web\/wp-json\/wp\/v2\/pages\/38"}],"wp:attachment":[{"href":"http:\/\/www.wramach.pl\/web\/wp-json\/wp\/v2\/media?parent=52"}],"curies":[{"name":"wp","href":"https:\/\/api.w.org\/{rel}","templated":true}]}}