{"id":50,"date":"2015-08-13T01:22:54","date_gmt":"2015-08-12T23:22:54","guid":{"rendered":"http:\/\/www.wramach.pl\/web\/?page_id=50"},"modified":"2016-01-30T07:43:18","modified_gmt":"2016-01-30T06:43:18","slug":"foliowanie-i-laminacja","status":"publish","type":"page","link":"http:\/\/www.wramach.pl\/web\/oferta\/foliowanie-i-laminacja\/","title":{"rendered":"Foliowanie i laminacja"},"content":{"rendered":"<h2>Laminowanie to rodzaj uszlachetniania druku, polega na na\u0142o\u017ceniu maszynowo dodatkowej ultra-cienkiej warstwy folii na wydruk, fotografi\u0119, haft itp\u2026<\/h2>\n<p>Dzi\u0119ki na\u0142o\u017conej folii praca uzyskuje dodatkowe walory estetyczne, staje si\u0119 bardziej odporna na uszkodzenia mechaniczne, chroni prac\u0119 przed brudem, promieniowanie UV i wilgoci\u0105. Praca, kt\u00f3ra zosta\u0142a poddana laminacji zdecydowanie d\u0142u\u017cej zachowuje nasycenie barw.<\/p>\n<h3>Zalaminowane zdj\u0119cie, mo\u017cna naklei\u0107 na r\u00f3\u017cne pod\u0142o\u017ca np. piank\u0119 Foam board, p\u0142yt\u0119 PCV, szk\u0142o, blach\u0119 i nadaje si\u0119 do ekspozycji w praktycznie ka\u017cdych warunkach. Na\u0142o\u017cona folia dodatkowo nadaje pracy niepowtarzaln\u0105 struktur\u0119 (matowa, b\u0142yszcz\u0105ca, imitacja p\u0142\u00f3tna\u2026)<\/h3>\n<p>Foliowanie to najbardziej popularny spos\u00f3b laminowania w poligrafii, kt\u00f3ry r\u00f3wnie\u017c polega na na\u0142o\u017ceniu na powierzchnie zadrukowan\u0105 folii z tworzyw sztucznych. Proces foliowania odbywa si\u0119 w maszynach &#8211; laminatorach z u\u017cyciem kleju na zimno, lub na gor\u0105co. Foliowa\u0107 mo\u017cna powierzchnie jednostronnie lub dwustronnie i pe\u0142ni\u0105 podobne funkcje jak w przypadku laminacji<\/p>\n","protected":false},"excerpt":{"rendered":"<p>Laminowanie to rodzaj uszlachetniania druku, polega na na\u0142o\u017ceniu maszynowo dodatkowej ultra-cienkiej warstwy folii na wydruk, fotografi\u0119, haft itp\u2026 Dzi\u0119ki na\u0142o\u017conej folii praca uzyskuje dodatkowe walory estetyczne, staje si\u0119 bardziej odporna na uszkodzenia mechaniczne, chroni prac\u0119 przed brudem, promieniowanie UV i wilgoci\u0105. Praca, kt\u00f3ra zosta\u0142a poddana laminacji zdecydowanie d\u0142u\u017cej zachowuje nasycenie barw. Zalaminowane zdj\u0119cie, mo\u017cna naklei\u0107 [&hellip;]<\/p>\n","protected":false},"author":1,"featured_media":0,"parent":38,"menu_order":0,"comment_status":"open","ping_status":"open","template":"","meta":[],"_links":{"self":[{"href":"http:\/\/www.wramach.pl\/web\/wp-json\/wp\/v2\/pages\/50"}],"collection":[{"href":"http:\/\/www.wramach.pl\/web\/wp-json\/wp\/v2\/pages"}],"about":[{"href":"http:\/\/www.wramach.pl\/web\/wp-json\/wp\/v2\/types\/page"}],"author":[{"embeddable":true,"href":"http:\/\/www.wramach.pl\/web\/wp-json\/wp\/v2\/users\/1"}],"replies":[{"embeddable":true,"href":"http:\/\/www.wramach.pl\/web\/wp-json\/wp\/v2\/comments?post=50"}],"version-history":[{"count":3,"href":"http:\/\/www.wramach.pl\/web\/wp-json\/wp\/v2\/pages\/50\/revisions"}],"predecessor-version":[{"id":286,"href":"http:\/\/www.wramach.pl\/web\/wp-json\/wp\/v2\/pages\/50\/revisions\/286"}],"up":[{"embeddable":true,"href":"http:\/\/www.wramach.pl\/web\/wp-json\/wp\/v2\/pages\/38"}],"wp:attachment":[{"href":"http:\/\/www.wramach.pl\/web\/wp-json\/wp\/v2\/media?parent=50"}],"curies":[{"name":"wp","href":"https:\/\/api.w.org\/{rel}","templated":true}]}}